*p**2 - 39*p - 206. Give b(-10).
-16
Let v(o) = 2*o + 44. Determine v(-18).
8
Let q(n) = 6*n**2 - n. What is q(1)?
5
Let d(w) = w - 27. Calculate d(21).
-6
Let s(q) = -8*q - 25. Give s(-3).
-1
Let l(r) = -r + 1. Calculate l(-12).
13
Let a(y) = y**3 - 7*y**2 - 3*y - 30. Determine a(8).
10
Let r(f) = -f**3 - 6*f**2 - 4*f - 13. Calculate r(-6).
11
Let u(r) = 37*r + 92. What is u(-2)?
18
Let o(p) = -9*p**2 + 2*p + 1. What is o(-1)?
-10
Let a(t) = -3*t + 23. Calculate a(7).
2
Let z(r) = -r**3 + 7*r**2 - 5*r - 18. Give z(6).
-12
Let d(n) = -n - 1. Determine d(6).
-7
Let u(k) = -34*k - 235. What is u(-7)?
3
Let c(p) = -13*p - 245. Determine c(-19).
2
Let j(p) = 5*p - 12. Determine j(8).
28
Let u(t) = 8*t - 17. Calculate u(7).
39
Let s(p) = -p**3 - 7*p**2 + 15. Give s(-6).
-21
Let x(w) = -w + 4. What is x(-2)?
6
Let h(j) = -3*j - 8. Determine h(-7).
13
Let p(b) = b - 6. Determine p(-4).
-10
Let j(l) = -2*l**2 - 5*l - 13. Calculate j(-4).
-25
Let c(t) = 5*t**3 + t**2 + 2*t - 2. Calculate c(-2).
-42
Let f(l) = 24*l**2 - 4*l. Give f(2).
88
Let q(t) = t**3 + 8*t**2 - 2*t - 25. What is q(-8)?
-9
Let x(h) = -2*h**2 - 72*h - 70. Determine x(-35).
0
Let d(t) = -39*t + 2. Calculate d(-1).
41
Let j(s) = -7*s**3 + 3*s**2 - 3*s + 1. Give j(1).
-6
Let z(w) = -70*w**2 - w - 1. Calculate z(-1).
-70
Let j(u) = -u**3 - 13*u**2 + 11*u - 36. Calculate j(-14).
6
Let k(y) = y**2 + 8*y - 74. Calculate k(-11).
-41
Let s(v) = 9*v + 26. Give s(-4).
-10
Let v(n) = -9*n - 115. Give v(-15).
20
Let t(b) = b**2 + 15*b + 9. Calculate t(-15).
9
Let d(b) = 2*b + 1. What is d(11)?
23
Let k(x) = x**2 + 3*x + 2. What is k(-4)?
6
Let l(n) = -n**2 - 13*n + 46. Give l(-16).
-2
Let s(g) = 2*g**2 - 20*g + 17. Give s(11).
39
Let n(v) = -v**3 - 20*v**2 - 23*v - 45. Give n(-19).
31
Let s(y) = -y - 1. Give s(-6).
5
Let l(p) = p**2 - 4*p + 11. Determine l(3).
8
Let n(x) = 4*x**2 + x + 2. What is n(-1)?
5
Let j(g) = g**3 - 4*g - 7. Calculate j(5).
98
Let c(p) = 5*p**2 - 9*p + 4. What is c(2)?
6
Let t(i) = i**2 - 3*i + 16. Calculate t(6).
34
Let o(k) = -k**2 - 20*k + 39. Calculate o(-16).
103
Let t(o) = o**3 + 3*o**2 - 15*o + 19. What is t(-6)?
1
Let x(d) = 7*d**3 - 2*d**2 - 3*d - 5. Give x(-3).
-203
Let r(u) = 8*u + 10. Give r(-3).
-14
Let n(z) = -z**2 + 8*z - 1. Give n(8).
-1
Let q(c) = 2*c**3 - 6*c**2 + 38*c - 63. Determine q(2).
5
Let w(z) = z**2 + 12*z - 536. What is w(18)?
4
Let v(g) = -g**3 - 6*g**2 + 6*g - 4. Give v(-7).
3
Let h(c) = 2*c + 5. Determine h(-4).
-3
Let y(n) = 3*n + 48. Give y(23).
117
Let y(p) = -15*p**3 - p**2 + 2*p + 3. Calculate y(-1).
15
Let x(s) = -11*s + 33. Calculate x(20).
-187
Let w(i) = -i**2 - 9*i + 5. Calculate w(-5).
25
Let q(l) = 2*l + 29. Determine q(-18).
-7
Let p(f) = f**2 + 2*f + 4. Determine p(-3).
7
Let z(c) = -6*c - 14. Give z(-5).
16
Let q(u) = u**2 - 5*u + 3. Calculate q(3).
-3
Let i(b) = -b**3 - 3*b**2 + 7*b + 10. Give i(-5).
25
Let z(c) = -61*c - 312. Give z(-5).
-7
Let y(r) = -2*r**3 - 23*r**2 - 14*r - 19. Determine y(-11).
14
Let j(s) = s**3 - 40*s**2 + 202*s + 71. Determine j(34).
3
Let p(i) = -3*i**3 - i**2 + 1. What is p(-1)?
3
Let f(i) = -3*i**3 - 2*i**2 - 4*i - 3. What is f(-2)?
21
Let f(y) = -y**2 - 11*y - 14. What is f(-10)?
-4
Let i(h) = -4*h**3 - 3*h**2 + 3*h + 1. Give i(3).
-125
Let a(d) = d**2 - 30*d + 64. Calculate a(28).
8
Let b(i) = i**3 + i**2 + 2*i + 7. Determine b(0).
7
Let w(k) = 14*k**3 + 3*k**2 + 3*k + 1. Calculate w(-1).
-13
Let l(d) = -d**3 + 9*d**2 - 6*d - 13. Calculate l(8).
3
Let q(o) = 23*o - 223. Determine q(10).
7
Let d(m) = 10*m**3 + 2*m**2 + m. Give d(-1).
-9
Let d(y) = -49*y**3 - y**2 - 2*y - 1. Give d(-1).
49
Let x(i) = 2*i**3 + 8*i**2 - 3*i + 9. Give x(-4).
21
Let z(d) = -d**3 - 7*d**2 - 12*d - 14. Determine z(-5).
-4
Let x(j) = -9*j + 30. What is x(2)?
12
Let h(z) = 5*z - 10. Calculate h(2).
0
Let n(a) = a + 2. What is n(-1)?
1
Let k(m) = -m**2 + 3*m - 1. What is k(3)?
-1
Let m(h) = -4*h - 14. Calculate m(-5).
6
Let x(t) = -6*t + 2. Determine x(-2).
14
Let q(k) = -k**2 + 15*k + 9. Give q(16).
-7
Let u(m) = -6*m + 13. Determine u(2).
1
Let c(v) = -3*v**2 - 15*v + 91. Give c(4).
-17
Let x(w) = -w**3 - w**2 + w - 1. Give x(-2).
1
Let b(h) = h**3 + 4*h**2 + 9*h + 7. Calculate b(-6).
-119
Let x(d) = -d - 44. Calculate x(-18).
-26
Let r(m) = m**3 + 5*m**2 - 8*m - 3. Give r(-8).
-131
Let i(o) = 4*o**2 - 41*o + 15. What is i(10)?
5
Let d(v) = 2*v**2 + 2*v + 2. Determine d(0).
2
Let j(s) = -5*s**2 + 6*s + 3. Determine j(3).
-24
Let g(h) = -h**3 + 11*h**2 - 16*h. What is g(10)?
-60
Let y(u) = -19*u**3 + 2*u**2 - u - 2. Determine y(-1).
20
Let f(q) = -4*q + 25. Calculate f(14).
-31
Let o(z) = 17*z + 7. What is o(-1)?
-10
Let l(g) = -3*g**3 + 5*g**2 - 6*g + 4. What is l(2)?
-12
Let v(a) = -131*a - 1047. Determine v(-8).
1
Let c(f) = f**3 - 7*f**2 + 5*f - 1. Determine c(6).
-7
Let h(z) = z**2 - 19*z + 17. What is h(14)?
-53
Let h(p) = 14*p**2 - p + 1. What is h(1)?
14
Let y(t) = -3*t + 13. Determine y(7).
-8
Let q(t) = -t + 1. What is q(-6)?
7
Let m(g) = g**3 + 10*g**2 + 6*g + 7. What is m(-9)?
34
Let a(h) = h**3 - 12*h**2 - h + 6. Give a(12).
-6
Let j(l) = -l**2 + 9*l - 21. Give j(9).
-21
Let a(p) = 2*p - 1. Calculate a(1).
1
Let y(x) = -x**3 - 5*x**2 + 7*x + 2. What is y(-6)?
-4
Let h(y) = y**2 - 6*y + 1. Calculate h(5).
-4
Let b(p) = -p**3 - 9*p**2 - 37*p - 224. Calculate b(-8).
8
Let m(y) = -y**3 - 6*y**2 + 8*y + 5. Give m(-8).
69
Let u(o) = o**2 + 11*o + 14. Determine u(-9).
-4
Let w(r) = r**3 + 20*r**2 + 19*r - 2. Calculate w(-19).
-2
Let t(m) = 6*m - 10. Give t(4).
14
Let x(d) = d**3 + 9*d**2 - d - 20. What is x(-9)?
-11
Let b(n) = -10*n + 18. What is b(-4)?
58
Let z(p) = p**3 + p**2 + p + 49. Determine z(0).
49
Let v(q) = -3*q**2 - 12. Calculate v(8).
-204
Let f(n) = -n**2 - 15*n - 71. Determine f(-7).
-15
Let c(g) = -g**3 + 9*g**2 + 8*g - 2. Calculate c(10).
-22
Let k(v) = -v**3 + 7*v**2 - 9*v + 37. Calculate k(6).
19
Let d(f) = 2*f**2 - 4*f + 2. Give d(2).
2
Let f(m) = m**2 - 13*m + 10. Give f(9).
-26
Let u(p) = p**2 + 16*p + 69. Calculate u(-7).
6
Let k(x) = -x**2 + 8*x + 30. What is k(11)?
-3
Let o(k) = -25*k**2 + 1. Give o(1).
-24
Let i(t) = -3*t**2 + 12*t - 5. What is i(2)?
7
Let w(z) = -z**3 - 4*z**2 - 3*z - 18. Give w(-4).
-6
Let i(k) = -18*k + 1. What is i(2)?
-35
Let o(s) = -s**3 + 19*s**2 + 23*s - 30. Determine o(20).
30
Let b(j) = -j**3 - 8. Determine b(0).
-8
Let u(r) = -r**3 + 5*r**2 + 10*r - 27. Calculate u(7).
-55
Let d(b) = -b**3 + 9*b**2 - 4*b - 33. Calculate d(8).
-1
Let n(f) = f**3 - 18*f**2 - 20*f + 23. What is n(19)?
4
Let t(u) = u**2 + 16*u - 6. Calculate t(-13).
-45
Let m(z) = -2*z**2 - 29*z + 111. What is m(3)?
6
Let c(x) = -x + 10. Calculate c(-9).
19
Let x(t) = -7*t**2 - t. Determine x(-1).
-6
Let g(i) = i**3 - 19*i**2 - 2*i + 14. What is g(19)?
-24
Let l(j) = 4*j - 26. Determine l(4).
-10
Let v(o) = o**3 - 13*o**2 + 4*o - 43. What is v(13)?
9
Let n(t) = 7*t + 175. Determine n(-24).
7
Let y(n) = -n**3 + 7*n**2 + n - 14. Calculate y(7).
-7
Let q(n) = 2*n**2 + 6*n - 7. Calculate q(-5).
13
Let j(k) = -2*k - 22. Determine j(-30).
38
Let z(i) = -i**2 + 6*i - 1. Give z(5).
4
Let f(p) = -p**2 + 52*p + 58. Determine f(53).
5
Let y(b) = 16*b + 1. Give y(1).
17
Let x(f) = -f**2 - 4*f + 2. Determine x(-7).
-19
Let q(i) = i + 7. Calculate q(7).
14
Let r(q) = 5*q + 1. What is r(3)?
16
Let q(t) = -t**3 - 2*t**2 - 4*t - 1. Determine q(-3).
20
Let l(d) = d**3 + 48*d**2 + 48*d + 52. Calculate l(-47).
5
Let o(w) = 2*w. Give o(5).
10
Let u(t) = -4*t**2 + 12*t - 3. Give u(3).
-3
Let g(z) = -z**2 + 7*z - 3. Determine g(7).
-3
Let f(d) = d**2 - 2*d + 1. Determine f(2).
1
Let z(b) = 3*b + 39. Calculate z(-15).
-6
Let d(h) = -7*h**2 - 5*h + 5. Calculate d(1).
-7
Let l(q) = -q**3 + 6*q**2 + 9*q - 5. Give l(7).
9
Let o(v) = 17*v + 1002. Give o(-59).
-1
Let t(f) = f**2 - 5*f - 14. Calculate t(10).
36
Let g(f) = 2*f - 3. What is g(6)?
9
Let u(g) = 13*g - 18. Calculate u(5).
47
Let g(c) = c - 15. Give g(10).
-5
Let m(x) = -12*x. Calculate m(-2).
24
Let q(i) = 3*i**2 - 10. Calculate q(-5).
65
Let v(l) = l - 41. Give v(28).
-13
Let b(i) = -i**2 + 10*i + 17. Give b(6).
41
Let g(v) = -v**2 - 18*v - 86. Give g(-9).
-5
Let a(x) = -2*x**3 + 19*x**2 - 15*x + 46. What is a(9)?
-8
Let t(r) = -r**3 - 9*r**2 + 19*r + 72. Determine